{"id":29,"date":"2016-02-11T15:53:20","date_gmt":"2016-02-11T14:53:20","guid":{"rendered":"https:\/\/www.pib-janssen.de\/bauplanung\/?page_id=29"},"modified":"2016-02-15T09:02:34","modified_gmt":"2016-02-15T08:02:34","slug":"betreuung-ueberwachung","status":"publish","type":"page","link":"https:\/\/www.pib-janssen.de\/bauplanung\/leistungen\/betreuung-ueberwachung","title":{"rendered":"Betreuung &#038; \u00dcberwachung"},"content":{"rendered":"<p style=\"text-align: justify;\">Neben der Planungst\u00e4tigkeit von Hochbauma\u00dfnahmen werden durch die Mitarbeiter des Planungs- und Ingenieurb\u00fcros Jan\u00dfen ebenso s\u00e4mtliche Leistungen in Verbindung mit einer erfolgreichen Umsetzung Ihres Bauvorhabens erbracht.<\/p>\n<p>&nbsp;<\/p>\n<p><strong>Dies beinhaltet insbesondere folgende Leistungen: <\/strong><\/p>\n<ul class=\"betreuung\">\n<li>Erstellung von Ausschreibungsunterlagen mit Leistungsverzeichnissen und Mengenermittlungen<\/li>\n<li>Einholung von Kostenangeboten<\/li>\n<li>Auswertung der eingegangenen Kostenangebote mit Erstellung von Preisspiegeln<\/li>\n<li>Mitwirkung bei der Auswahl bzw. Beauftragung geeigneter Firmen<\/li>\n<li>Beratungen zur Vertragsgestaltung und Ausarbeitung von Bauvertr\u00e4gen<\/li>\n<li>Erarbeitung von Bauablaufpl\u00e4nen<\/li>\n<li>\u00d6rtliche \u00dcberwachung der Bauausf\u00fchrung auf fachliche Richtigkeit und \u00dcbereinstimmung mit den Planvorgaben<\/li>\n<li>Koordinierung der am Bau Beteiligten zur Erm\u00f6glichung eines reibungslosen Bauablaufes<\/li>\n<li>Termin- und Kostenkontrolle<\/li>\n<li>Abnahme ausgef\u00fchrter Leistungen<\/li>\n<li>Abrechnung der Bauma\u00dfnahme mit Aufma\u00df- und Rechnungspr\u00fcfungen<\/li>\n<li>Betreuung w\u00e4hrend der Gew\u00e4hrleistungszeit<\/li>\n<\/ul>\n<p>&nbsp;<\/p>\n<p style=\"text-align: justify;\"><strong>Egal, ob Sie eine komplette Bauleitung bzw. \u2013\u00fcberwachung w\u00fcnschen oder lediglich in einzelnen Punkten fachlich beraten oder begleitet werden m\u00f6chten: Wir vertreten IHRE Interessen als Bauherr und sind Ihr unabh\u00e4ngiger Sachwalter. <\/strong><\/p>\n","protected":false},"excerpt":{"rendered":"<p>Neben der Planungst\u00e4tigkeit von Hochbauma\u00dfnahmen werden durch die Mitarbeiter des Planungs- und Ingenieurb\u00fcros Jan\u00dfen ebenso s\u00e4mtliche Leistungen in Verbindung mit einer erfolgreichen Umsetzung Ihres Bauvorhabens erbracht. &nbsp; Dies beinhaltet insbesondere folgende Leistungen: Erstellung von Ausschreibungsunterlagen mit Leistungsverzeichnissen und Mengenermittlungen Einholung von Kostenangeboten Auswertung der eingegangenen Kostenangebote mit Erstellung von Preisspiegeln Mitwirkung bei der Auswahl bzw. [&hellip;]<\/p>\n","protected":false},"author":2,"featured_media":0,"parent":24,"menu_order":0,"comment_status":"closed","ping_status":"closed","template":"","meta":{"_acf_changed":false,"footnotes":""},"class_list":["post-29","page","type-page","status-publish","hentry"],"acf":[],"_links":{"self":[{"href":"https:\/\/www.pib-janssen.de\/bauplanung\/wp-json\/wp\/v2\/pages\/29","targetHints":{"allow":["GET"]}}],"collection":[{"href":"https:\/\/www.pib-janssen.de\/bauplanung\/wp-json\/wp\/v2\/pages"}],"about":[{"href":"https:\/\/www.pib-janssen.de\/bauplanung\/wp-json\/wp\/v2\/types\/page"}],"author":[{"embeddable":true,"href":"https:\/\/www.pib-janssen.de\/bauplanung\/wp-json\/wp\/v2\/users\/2"}],"replies":[{"embeddable":true,"href":"https:\/\/www.pib-janssen.de\/bauplanung\/wp-json\/wp\/v2\/comments?post=29"}],"version-history":[{"count":6,"href":"https:\/\/www.pib-janssen.de\/bauplanung\/wp-json\/wp\/v2\/pages\/29\/revisions"}],"predecessor-version":[{"id":236,"href":"https:\/\/www.pib-janssen.de\/bauplanung\/wp-json\/wp\/v2\/pages\/29\/revisions\/236"}],"up":[{"embeddable":true,"href":"https:\/\/www.pib-janssen.de\/bauplanung\/wp-json\/wp\/v2\/pages\/24"}],"wp:attachment":[{"href":"https:\/\/www.pib-janssen.de\/bauplanung\/wp-json\/wp\/v2\/media?parent=29"}],"curies":[{"name":"wp","href":"https:\/\/api.w.org\/{rel}","templated":true}]}}